[INFO] cloning repository https://github.com/XFrogs/Matchmaking
[INFO] running `Command { std: "git" "-c" "credential.helper=" "-c" "credential.helper=/workspace/cargo-home/bin/git-credential-null" "clone" "--bare" "https://github.com/XFrogs/Matchmaking" "/workspace/cache/git-repos/https%3A%2F%2Fgithub.com%2FXFrogs%2FMatchmaking", kill_on_drop: false }`
[INFO] [stderr] Cloning into bare repository '/workspace/cache/git-repos/https%3A%2F%2Fgithub.com%2FXFrogs%2FMatchmaking'...
[INFO] running `Command { std: "git" "rev-parse" "HEAD", kill_on_drop: false }`
[INFO] [stdout] 9e9d1278c230c1c2fa6bfe94e63ba6b296427de5
[INFO] checking XFrogs/Matchmaking against master#9610dfe5a9a731ced1ea4923ecbd0c57fe367898 for beta-170-4
[INFO] running `Command { std: "git" "clone" "/workspace/cache/git-repos/https%3A%2F%2Fgithub.com%2FXFrogs%2FMatchmaking" "/workspace/builds/worker-1-tc1/source", kill_on_drop: false }`
[INFO] [stderr] Cloning into '/workspace/builds/worker-1-tc1/source'...
[INFO] [stderr] done.
[INFO] validating manifest of git repo https://github.com/XFrogs/Matchmaking on toolchain 9610dfe5a9a731ced1ea4923ecbd0c57fe367898
[INFO] running `Command { std: CARGO_HOME="/workspace/cargo-home" RUSTUP_HOME="/workspace/rustup-home" "/workspace/cargo-home/bin/cargo" "+9610dfe5a9a731ced1ea4923ecbd0c57fe367898" "metadata" "--manifest-path" "Cargo.toml" "--no-deps", kill_on_drop: false }`
[INFO] started tweaking git repo https://github.com/XFrogs/Matchmaking
[INFO] finished tweaking git repo https://github.com/XFrogs/Matchmaking
[INFO] tweaked toml for git repo https://github.com/XFrogs/Matchmaking written to /workspace/builds/worker-1-tc1/source/Cargo.toml
[INFO] crate git repo https://github.com/XFrogs/Matchmaking already has a lockfile, it will not be regenerated
[INFO] running `Command { std: CARGO_HOME="/workspace/cargo-home" RUSTUP_HOME="/workspace/rustup-home" "/workspace/cargo-home/bin/cargo" "+9610dfe5a9a731ced1ea4923ecbd0c57fe367898" "fetch" "--manifest-path" "Cargo.toml", kill_on_drop: false }`
[INFO] [stderr]  Downloading crates ...
[INFO] [stderr]   Downloaded anchor-attribute-error v0.15.0
[INFO] [stderr]   Downloaded anchor-attribute-account v0.15.0
[INFO] [stderr]   Downloaded anchor-attribute-program v0.15.0
[INFO] [stderr]   Downloaded anchor-attribute-event v0.15.0
[INFO] [stderr]   Downloaded anchor-attribute-interface v0.15.0
[INFO] [stderr]   Downloaded anchor-attribute-state v0.15.0
[INFO] [stderr]   Downloaded anchor-derive-accounts v0.15.0
[INFO] [stderr]   Downloaded anchor-lang v0.15.0
[INFO] [stderr]   Downloaded anchor-attribute-access-control v0.15.0
[INFO] [stderr]   Downloaded anchor-syn v0.15.0
[INFO] running `Command { std: "docker" "create" "-v" "/var/lib/crater-agent-workspace/builds/worker-1-tc1/target:/opt/rustwide/target:rw,Z" "-v" "/var/lib/crater-agent-workspace/builds/worker-1-tc1/source:/opt/rustwide/workdir:ro,Z" "-v" "/var/lib/crater-agent-workspace/cargo-home:/opt/rustwide/cargo-home:ro,Z" "-v" "/var/lib/crater-agent-workspace/rustup-home:/opt/rustwide/rustup-home:ro,Z" "-e" "SOURCE_DIR=/opt/rustwide/workdir" "-e" "CARGO_TARGET_DIR=/opt/rustwide/target" "-e" "CARGO_HOME=/opt/rustwide/cargo-home" "-e" "RUSTUP_HOME=/opt/rustwide/rustup-home" "-w" "/opt/rustwide/workdir" "-m" "1610612736" "--user" "0:0" "--network" "none" "ghcr.io/rust-lang/crates-build-env/linux@sha256:19e73879b68f455e41552ea35293514db52ea292d993f571636dbffedb77a1ee" "/opt/rustwide/cargo-home/bin/cargo" "+9610dfe5a9a731ced1ea4923ecbd0c57fe367898" "metadata" "--no-deps" "--format-version=1", kill_on_drop: false }`
[INFO] [stdout] edd96cb8aa8e1c860ab27e8635b3d4fe5f18699fb171896454c8989bfab79683
[INFO] running `Command { std: "docker" "start" "-a" "edd96cb8aa8e1c860ab27e8635b3d4fe5f18699fb171896454c8989bfab79683", kill_on_drop: false }`
[INFO] running `Command { std: "docker" "inspect" "edd96cb8aa8e1c860ab27e8635b3d4fe5f18699fb171896454c8989bfab79683", kill_on_drop: false }`
[INFO] running `Command { std: "docker" "rm" "-f" "edd96cb8aa8e1c860ab27e8635b3d4fe5f18699fb171896454c8989bfab79683", kill_on_drop: false }`
[INFO] [stdout] edd96cb8aa8e1c860ab27e8635b3d4fe5f18699fb171896454c8989bfab79683
[INFO] running `Command { std: "docker" "create" "-v" "/var/lib/crater-agent-workspace/builds/worker-1-tc1/target:/opt/rustwide/target:rw,Z" "-v" "/var/lib/crater-agent-workspace/builds/worker-1-tc1/source:/opt/rustwide/workdir:ro,Z" "-v" "/var/lib/crater-agent-workspace/cargo-home:/opt/rustwide/cargo-home:ro,Z" "-v" "/var/lib/crater-agent-workspace/rustup-home:/opt/rustwide/rustup-home:ro,Z" "-e" "SOURCE_DIR=/opt/rustwide/workdir" "-e" "CARGO_TARGET_DIR=/opt/rustwide/target" "-e" "CARGO_INCREMENTAL=0" "-e" "RUST_BACKTRACE=full" "-e" "RUSTFLAGS=--cap-lints=forbid" "-e" "RUSTDOCFLAGS=--cap-lints=forbid" "-e" "CARGO_HOME=/opt/rustwide/cargo-home" "-e" "RUSTUP_HOME=/opt/rustwide/rustup-home" "-w" "/opt/rustwide/workdir" "-m" "1610612736" "--user" "0:0" "--network" "none" "ghcr.io/rust-lang/crates-build-env/linux@sha256:19e73879b68f455e41552ea35293514db52ea292d993f571636dbffedb77a1ee" "/opt/rustwide/cargo-home/bin/cargo" "+9610dfe5a9a731ced1ea4923ecbd0c57fe367898" "check" "--frozen" "--all" "--all-targets" "--message-format=json", kill_on_drop: false }`
[INFO] [stdout] ed4154b2f4559e018080c114a4d1b3fee4be28d0b18483bf67f80e4e95a087dd
[INFO] running `Command { std: "docker" "start" "-a" "ed4154b2f4559e018080c114a4d1b3fee4be28d0b18483bf67f80e4e95a087dd", kill_on_drop: false }`
[INFO] [stderr]    Compiling proc-macro2 v1.0.29
[INFO] [stderr]    Compiling syn v1.0.77
[INFO] [stderr]    Compiling serde_derive v1.0.130
[INFO] [stderr]    Compiling serde v1.0.130
[INFO] [stderr]    Compiling typenum v1.14.0
[INFO] [stderr]    Compiling version_check v0.9.3
[INFO] [stderr]    Compiling libc v0.2.103
[INFO] [stderr]    Compiling ryu v1.0.5
[INFO] [stderr]    Compiling anyhow v1.0.44
[INFO] [stderr]    Compiling crunchy v0.2.2
[INFO] [stderr]    Compiling block-padding v0.2.1
[INFO] [stderr]    Compiling serde_json v1.0.68
[INFO] [stderr]    Compiling semver-parser v0.7.0
[INFO] [stderr]    Compiling bs58 v0.3.1
[INFO] [stderr]    Compiling unicode-segmentation v1.8.0
[INFO] [stderr]    Compiling itoa v0.4.8
[INFO] [stderr]    Compiling cfg-if v1.0.0
[INFO] [stderr]    Compiling cpufeatures v0.2.1
[INFO] [stderr]    Compiling opaque-debug v0.3.0
[INFO] [stderr]    Compiling yansi v0.5.0
[INFO] [stderr]    Compiling semver v0.9.0
[INFO] [stderr]     Checking subtle v2.4.1
[INFO] [stderr]    Compiling rustc_version v0.2.3
[INFO] [stderr]    Compiling heck v0.3.3
[INFO] [stderr]    Compiling getrandom v0.1.16
[INFO] [stderr]    Compiling generic-array v0.14.4
[INFO] [stderr]    Compiling proc-macro2-diagnostics v0.9.1
[INFO] [stderr]    Compiling log v0.4.14
[INFO] [stderr]    Compiling rustversion v1.0.5
[INFO] [stderr]    Compiling feature-probe v0.1.1
[INFO] [stderr]     Checking humantime v2.1.0
[INFO] [stderr]     Checking ppv-lite86 v0.2.10
[INFO] [stderr]    Compiling cc v1.0.70
[INFO] [stderr]     Checking termcolor v1.1.2
[INFO] [stderr]    Compiling solana-frozen-abi-macro v1.7.11
[INFO] [stderr]    Compiling solana-frozen-abi v1.7.11
[INFO] [stderr]    Compiling num-traits v0.2.14
[INFO] [stderr]    Compiling memchr v2.4.1
[INFO] [stderr]     Checking arrayref v0.3.6
[INFO] [stderr]    Compiling bv v0.11.1
[INFO] [stderr]     Checking ahash v0.4.7
[INFO] [stderr]    Compiling solana-program v1.7.11
[INFO] [stderr]    Compiling quote v1.0.9
[INFO] [stderr]     Checking constant_time_eq v0.1.5
[INFO] [stderr]     Checking hashbrown v0.9.1
[INFO] [stderr]     Checking base64 v0.12.3
[INFO] [stderr]     Checking byteorder v1.4.3
[INFO] [stderr]    Compiling regex-syntax v0.6.25
[INFO] [stderr]     Checking arrayvec v0.5.2
[INFO] [stderr]     Checking atty v0.2.14
[INFO] [stderr]    Compiling aho-corasick v0.7.18
[INFO] [stderr]     Checking env_logger v0.8.4
[INFO] [stderr]     Checking memmap2 v0.1.0
[INFO] [stderr]     Checking rand_core v0.5.1
[INFO] [stderr]     Checking zeroize v1.4.2
[INFO] [stderr]     Checking either v1.6.1
[INFO] [stderr]     Checking cfg-if v0.1.10
[INFO] [stderr]     Checking keccak v0.1.0
[INFO] [stderr]     Checking hex v0.4.3
[INFO] [stderr]    Compiling bs58 v0.4.0
[INFO] [stderr]     Checking bytemuck v1.7.2
[INFO] [stderr]     Checking itertools v0.9.0
[INFO] [stderr]     Checking rand_chacha v0.2.2
[INFO] [stderr]     Checking solana-logger v1.7.11
[INFO] [stderr]     Checking generic-array v0.12.4
[INFO] [stderr]     Checking rand v0.7.3
[INFO] [stderr]    Compiling blake3 v0.3.8
[INFO] [stderr]     Checking digest v0.8.1
[INFO] [stderr]     Checking curve25519-dalek v2.1.3
[INFO] [stderr]    Compiling regex v1.5.4
[INFO] [stderr]    Compiling borsh-derive-internal v0.9.1
[INFO] [stderr]    Compiling borsh-schema-derive-internal v0.9.1
[INFO] [stderr]    Compiling thiserror-impl v1.0.29
[INFO] [stderr]    Compiling num-derive v0.3.3
[INFO] [stderr]    Compiling solana-sdk-macro v1.7.11
[INFO] [stderr]    Compiling thiserror v1.0.29
[INFO] [stderr]     Checking bincode v1.3.3
[INFO] [stderr]     Checking serde_bytes v0.11.5
[INFO] [stderr]    Compiling toml v0.5.8
[INFO] [stderr]     Checking digest v0.9.0
[INFO] [stderr]     Checking crypto-mac v0.8.0
[INFO] [stderr]     Checking block-buffer v0.9.0
[INFO] [stderr]     Checking hmac v0.8.1
[INFO] [stderr]     Checking libsecp256k1-core v0.2.2
[INFO] [stderr]     Checking sha2 v0.9.8
[INFO] [stderr]     Checking sha3 v0.9.1
[INFO] [stderr]     Checking hmac-drbg v0.3.0
[INFO] [stderr]    Compiling proc-macro-crate v0.1.5
[INFO] [stderr]    Compiling anchor-syn v0.15.0
[INFO] [stderr]    Compiling borsh-derive v0.9.1
[INFO] [stderr]    Compiling libsecp256k1-gen-genmult v0.2.1
[INFO] [stderr]    Compiling libsecp256k1-gen-ecmult v0.2.1
[INFO] [stderr]    Compiling libsecp256k1 v0.5.0
[INFO] [stderr]     Checking borsh v0.9.1
[INFO] [stderr]    Compiling anchor-attribute-interface v0.15.0
[INFO] [stderr]    Compiling anchor-derive-accounts v0.15.0
[INFO] [stderr]    Compiling anchor-attribute-error v0.15.0
[INFO] [stderr]    Compiling anchor-attribute-access-control v0.15.0
[INFO] [stderr]    Compiling anchor-attribute-event v0.15.0
[INFO] [stderr]    Compiling anchor-attribute-state v0.15.0
[INFO] [stderr]    Compiling anchor-attribute-account v0.15.0
[INFO] [stderr]    Compiling anchor-attribute-program v0.15.0
[INFO] [stderr]     Checking anchor-lang v0.15.0
[INFO] [stderr]     Checking matchmaking v0.1.0 (/opt/rustwide/workdir/programs/matchmaking)
[INFO] [stdout] error[E0261]: use of undeclared lifetime name `'info`
[INFO] [stdout]   --> programs/matchmaking/src/lib.rs:34:35
[INFO] [stdout]    |
[INFO] [stdout] 32 | pub struct CreateMatch {
[INFO] [stdout]    |                       - help: consider introducing lifetime `'info` here: `<'info>`
[INFO] [stdout] 33 |     #[account(init, payer = player , space= 8+8 )]
[INFO] [stdout] 34 |     pub matchdata: ProgramAccount<'info, MatchData>,
[INFO] [stdout]    |                                   ^^^^^ undeclared lifetime
[INFO] [stdout] 
[INFO] [stdout] 
[INFO] [stdout] error[E0261]: use of undeclared lifetime name `'info`
[INFO] [stdout]   --> programs/matchmaking/src/lib.rs:37:33
[INFO] [stdout]    |
[INFO] [stdout] 32 | pub struct CreateMatch {
[INFO] [stdout]    |                       - help: consider introducing lifetime `'info` here: `<'info>`
[INFO] [stdout] ...
[INFO] [stdout] 37 |     pub player_one: AccountInfo<'info>,
[INFO] [stdout]    |                                 ^^^^^ undeclared lifetime
[INFO] [stdout] 
[INFO] [stdout] 
[INFO] [stdout] error[E0261]: use of undeclared lifetime name `'info`
[INFO] [stdout]   --> programs/matchmaking/src/lib.rs:38:33
[INFO] [stdout]    |
[INFO] [stdout] 32 | pub struct CreateMatch {
[INFO] [stdout]    |                       - help: consider introducing lifetime `'info` here: `<'info>`
[INFO] [stdout] ...
[INFO] [stdout] 38 |     pub player_two: AccountInfo<'info>,
[INFO] [stdout]    |                                 ^^^^^ undeclared lifetime
[INFO] [stdout] 
[INFO] [stdout] 
[INFO] [stdout] error[E0261]: use of undeclared lifetime name `'info`
[INFO] [stdout]   --> programs/matchmaking/src/lib.rs:34:35
[INFO] [stdout]    |
[INFO] [stdout] 32 | pub struct CreateMatch {
[INFO] [stdout]    |                       - help: consider introducing lifetime `'info` here: `<'info>`
[INFO] [stdout] 33 |     #[account(init, payer = player , space= 8+8 )]
[INFO] [stdout] 34 |     pub matchdata: ProgramAccount<'info, MatchData>,
[INFO] [stdout]    |                                   ^^^^^ undeclared lifetime
[INFO] [stdout] 
[INFO] [stdout] 
[INFO] [stdout] error[E0261]: use of undeclared lifetime name `'info`
[INFO] [stdout]   --> programs/matchmaking/src/lib.rs:37:33
[INFO] [stdout]    |
[INFO] [stdout] 32 | pub struct CreateMatch {
[INFO] [stdout]    |                       - help: consider introducing lifetime `'info` here: `<'info>`
[INFO] [stdout] ...
[INFO] [stdout] 37 |     pub player_one: AccountInfo<'info>,
[INFO] [stdout]    |                                 ^^^^^ undeclared lifetime
[INFO] [stdout] 
[INFO] [stdout] 
[INFO] [stdout] error[E0261]: use of undeclared lifetime name `'info`
[INFO] [stdout]   --> programs/matchmaking/src/lib.rs:38:33
[INFO] [stdout]    |
[INFO] [stdout] 32 | pub struct CreateMatch {
[INFO] [stdout]    |                       - help: consider introducing lifetime `'info` here: `<'info>`
[INFO] [stdout] ...
[INFO] [stdout] 38 |     pub player_two: AccountInfo<'info>,
[INFO] [stdout]    |                                 ^^^^^ undeclared lifetime
[INFO] [stdout] 
[INFO] [stdout] 
[INFO] [stdout] error[E0425]: cannot find value `player` in this scope
[INFO] [stdout]   --> programs/matchmaking/src/lib.rs:33:29
[INFO] [stdout]    |
[INFO] [stdout] 33 |     #[account(init, payer = player , space= 8+8 )]
[INFO] [stdout]    |                             ^^^^^^ not found in this scope
[INFO] [stdout] 
[INFO] [stdout] 
[INFO] [stdout] error[E0425]: cannot find value `system_program` in this scope
[INFO] [stdout]   --> programs/matchmaking/src/lib.rs:31:10
[INFO] [stdout]    |
[INFO] [stdout] 31 | #[derive(Accounts)]
[INFO] [stdout]    |          ^^^^^^^^ not found in this scope
[INFO] [stdout]    |
[INFO] [stdout]    = note: this error originates in the derive macro `Accounts` (in Nightly builds, run with -Z macro-backtrace for more info)
[INFO] [stdout] 
[INFO] [stdout] 
[INFO] [stdout] error[E0425]: cannot find value `player` in this scope
[INFO] [stdout]   --> programs/matchmaking/src/lib.rs:33:29
[INFO] [stdout]    |
[INFO] [stdout] 33 |     #[account(init, payer = player , space= 8+8 )]
[INFO] [stdout]    |                             ^^^^^^ not found in this scope
[INFO] [stdout] 
[INFO] [stdout] 
[INFO] [stdout] error[E0425]: cannot find value `system_program` in this scope
[INFO] [stdout]   --> programs/matchmaking/src/lib.rs:31:10
[INFO] [stdout]    |
[INFO] [stdout] 31 | #[derive(Accounts)]
[INFO] [stdout]    |          ^^^^^^^^ not found in this scope
[INFO] [stdout]    |
[INFO] [stdout]    = note: this error originates in the derive macro `Accounts` (in Nightly builds, run with -Z macro-backtrace for more info)
[INFO] [stdout] 
[INFO] [stdout] 
[INFO] [stdout] error: aborting due to 5 previous errors
[INFO] [stdout] 
[INFO] [stdout] 
[INFO] [stdout] Some errors have detailed explanations: E0261, E0425.
[INFO] [stdout] 
[INFO] [stdout] For more information about an error, try `rustc --explain E0261`.
[INFO] [stdout] 
[INFO] [stdout] error: aborting due to 5 previous errors
[INFO] [stdout] 
[INFO] [stdout] 
[INFO] [stdout] Some errors have detailed explanations: E0261, E0425.
[INFO] [stdout] 
[INFO] [stdout] For more information about an error, try `rustc --explain E0261`.
[INFO] [stdout] 
[INFO] [stderr] error: could not compile `matchmaking` (lib test) due to 6 previous errors
[INFO] [stderr] warning: build failed, waiting for other jobs to finish...
[INFO] [stderr] error: could not compile `matchmaking` (lib) due to 6 previous errors
[INFO] running `Command { std: "docker" "inspect" "ed4154b2f4559e018080c114a4d1b3fee4be28d0b18483bf67f80e4e95a087dd", kill_on_drop: false }`
[INFO] running `Command { std: "docker" "rm" "-f" "ed4154b2f4559e018080c114a4d1b3fee4be28d0b18483bf67f80e4e95a087dd", kill_on_drop: false }`
[INFO] [stdout] ed4154b2f4559e018080c114a4d1b3fee4be28d0b18483bf67f80e4e95a087dd
